= -3*q**3 - 6*q**z + 8*q**3 + 4 - 6*q**3. Suppose -t + 0 - 6 = 0. What is w(t)?
4
Let u(w) = 2*w**2 - w + 2. Suppose -5 + 27 = 11*c. What is u(c)?
8
Let w(v) be the first derivative of -v**3/3 + v**2/2 + 12*v + 381. Calculate w(4).
0
Let g(b) = -b**2 - 7*b - 1. Suppose -6*s - 14 = -7*s - 5*v, -s + 3*v = 18. Calculate g(s).
5
Let a(d) = -d**3 - 3*d**2 + 5*d. Let l(b) = -b - 10. Let g be l(-14). Suppose 0 = c + g. Determine a(c).
-4
Suppose -6 = 2*z - 0*z. Suppose -4*q - 2*m + 5 = -13, 4*q + 4*m - 28 = 0. Let u(s) = 2*s + 3*s - q*s + 3. Determine u(z).
-6
Let s(r) = -r + 7. Suppose -4*g + k - 13 = 0, -19*k + 22*k = -4*g - 25. Give s(g).
11
Let f(a) = -a + 1. Let k(j) = j. Let l(u) = 3*f(u) + 5*k(u). Let c(d) = -d**3 - 11*d**2 - 6*d + 37. Let h be c(-10). Give l(h).
-3
Let f(d) = -2*d - 4*d**2 - 30*d**3 + 5*d**2 + 17*d**3 - 14*d**3 + 1. Give f(1).
-27
Let x(o) = -3*o**2 + o. Let a(g) = -14*g**2 + 21*g + 17. Let w(h) = -a(h) + 5*x(h). What is w(-16)?
-17
Let t(l) = 1215*l - 598*l - 596*l - 6. Determine t(3).
57
Let c be 0*6/12 - (5 + -4). Let p(q) = -7*q + 1. Calculate p(c).
8
Let d(m) = 2*m**2 - m**2 - 6 - m + 0*m**2. Let a(w) be the third derivative of w**6/120 + w**5/20 + w**4/8 + w**3/3 + 10*w**2. Let o be a(-2). Determine d(o).
-6
Let a(k) = 68*k + 744. Let m be a(-11). Let c(p) be the second derivative of p**2 - 5/6*p**3 + 1/20*p**5 - p + 1/4*p**4 + 0. Calculate c(m).
6
Suppose 5*f + 7 = 17. Suppose 5*b + f*s = 25, b - s - 1 = -3. Let k(l) = 6*l**2 - 2*l**2 + 5 - 5*l - b*l**3 - 3 + 2*l**3. Calculate k(3).
-4
Let c(q) = -2*q**2 + 2*q + 2. Suppose 0*h = 3*h + 2*r - 5, 4*h - 4*r - 20 = 0. Suppose -1 = -a + d, -3*a - h*d + d + 8 = 0. What is c(a)?
-2
Let x be (-6)/27 - (-100)/45. Let z(l) = -6 + 7 - 2 - x*l. Suppose -8 = -5*s + s. Calculate z(s).
-5
Suppose -4*q = -5*f - 44 - 48, 5*q + f - 86 = 0. Suppose 0 = -3*s - 81 + q. Let h = -18 - s. Let g(j) = -3*j + 4. Determine g(h).
-5
Let z = -9 - -11. Let k be (27/(-54))/(z/4). Let t(c) = 5*c + 1. Let d(v) = 4*v + 1. Let m(b) = 3*d(b) - 2*t(b). Determine m(k).
-1
Let m be 3/9 - 38/(-3) - 5. Let r(z) = z**2 - 8*z - 5. Determine r(m).
-5
Let w be 1 - 1/((-2)/8). Let a(r) be the first derivative of r**3/3 - 7*r**2/2 + 3*r - 126. Give a(w).
-7
Let r(d) = 3*d**3 + 25*d**2 - 37*d + 66. Let x(b) = -2*b**3 - 12*b**2 + 19*b - 34. Let v(c) = -3*r(c) - 5*x(c). What is v(14)?
0
Suppose 0*w = 2*w - 4*m - 10, 2*w = 2*m + 8. Suppose r = w*r - 10. Let g(z) = -r*z**2 + 1 - 2 + 0*z + z. Give g(1).
-5
Let j(f) = f**3 + 2*f - 1. Let o(a) = 5*a**3 + 3*a**2 + 9*a - 6. Let v(u) = 6*j(u) - o(u). Determine v(2).
2
Let n(l) = -3*l + 39. Let r(c) = c - 9. Let t(h) = n(h) + 4*r(h). Calculate t(-7).
-4
Let u(d) = d**3 + 5*d**2 + 2*d - 2. Let k be (-3)/(1*(-12)/16). Suppose 50 = k*z + z. Suppose -z = -5*v - 25. What is u(v)?
10
Let v be (0 + 12 - 6)/(14/(-21)). Let a(q) = -q**3 - 9*q**2 - 2*q - 12. Determine a(v).
6
Let b(u) = 2*u + 1. Let f(w) = -9*w - 4. Let s(p) = 4*b(p) + f(p). Let r = -6 + 11. Give s(r).
-5
Let d(o) = o + 5. Suppose -2*q = 3*f - 7, -2 = -q - 4*f + 2*f. Suppose q + 16 = 6*l. What is d(l)?
9
Let h be 16/(-2) + -1 + 4 + 2. Let l(z) = -6*z + 7. Calculate l(h).
25
Let q(u) be the second derivative of -2*u**2 - 12*u + 7/6*u**3 + 0 - 1/12*u**4. What is q(6)?
2
Let q(j) = -j**3 + 4*j**2 + 4*j - 5. Let z be ((-4)/(-24)*6)/(2/10). What is q(z)?
-10
Suppose -2*m - 3*k - k + 158 = 0, -86 = -m + 5*k. Let h = m + -80. Let s(x) be the third derivative of 7*x**4/24 - x**3/6 - x**2. Determine s(h).
6
Let c be (1 + 1)/(4/16). Let m = c - -3. Let y be 105/33 - 2/m. Let s(l) = -l**3 + 2*l**2 + 3*l. Give s(y).
0
Let y(p) = -82*p + p**2 + 0 + 80*p - 1 + 0*p**2. Suppose 2*f + 10 = 7*f. What is y(f)?
-1
Suppose 50*n - 54*n - 14 = u, 5*u = -n + 25. Let w(z) = -z**2 + 2*z + 5. Determine w(u).
-19
Let q(w) be the second derivative of w**4/12 - w**3/2 + 68*w. Suppose 0 = 2*d + 10 + 10. Let j = 14 + d. Determine q(j).
4
Let l(o) be the first derivative of -o**2 + 14 + 1/3*o**3 - 2*o. Let c be (-1 - -3) + (1 - 0). Give l(c).
1
Let r(c) be the third derivative of 0 + 0*c**4 + 1/120*c**6 + 0*c**3 - 1/12*c**5 + 17*c**2 + 0*c. Give r(5).
0
Let y(d) be the first derivative of d**3/3 - 7*d**2/2 + d - 82. Let t be (-16)/(-3) - 4/(-6). Give y(t).
-5
Let r(x) = -x + 1. Suppose -4*m = -6*m - 4*l - 290, 0 = 4*m + 2*l + 556. Let c = 140 + m. Determine r(c).
-2
Let f be 10*-1*(3/(-6) + 0). Let g(h) = -h**2 + 5*h + 1 - f + 5 - 6. Give g(6).
-11
Let q(b) = 3*b + 47. Suppose -21*j = -18*j + 5*l + 47, -9 = j - 5*l. Determine q(j).
5
Let j(a) = -a**2 - 11*a - 29. Let v be j(-8). Let q be ((-12)/(-20))/(1/5). Let l(s) = -2*s - 3 - s**2 - 2 - q*s. Determine l(v).
-5
Let o(y) = y**2 + y + 6. Let w be (8/(-80)*4)/(2/100). Suppose -2*x = -1 - 9. Let p be 1/x + 4/w. Give o(p).
6
Let d(j) be the third derivative of 1/2*j**3 + 0*j + 0 + 1/24*j**4 - 12*j**2. What is d(-5)?
-2
Let x(m) = 4*m**2 - m**2 + 4*m - m**3 - 7*m - m + 0*m**3 + 2. Suppose -3*c + c + 4 = 0. Determine x(c).
-2
Let l(d) be the third derivative of -d**4/12 + d**3/2 + d**2 - 78. Calculate l(2).
-1
Let n(r) = -r**3 + r**2. Let y(z) = -2*z**3 + 11*z**2 + 7*z - 5. Let x(b) = 3*n(b) - y(b). Let d = -64 + 43. Let u be d/((-12)/(-4)) + 0. Determine x(u).
5
Suppose 40 = 14*h - 16. Suppose -12 = -5*t + 8. Let r(o) = 16*o**3 - t*o + 9*o - o**2 - 17*o**3 + 4*o**2 - 2. Determine r(h).
2
Let r = -6 + 12. Let q(v) = -14*v**2 - 6*v - 2. Let x(t) = -19*t**2 - 6*t - 3. Let a(z) = 4*q(z) - 3*x(z). Give a(r).
1
Let d(a) = 2*a**3 - 12*a**2 + 3*a - 9. Let n(i) = i**3 + 7*i**2 - 18*i + 6. Let w be n(-9). Calculate d(w).
9
Let g(v) be the second derivative of v**3/6 + 19*v**2/2 + 195*v - 2. Determine g(-8).
11
Let w(o) be the first derivative of -o**3 - 5*o**2/2 - o - 148. Calculate w(-4).
-29
Let g(z) = -4*z - 6. Let n(w) = 11*w + 73. Let k be n(-7). Calculate g(k).
10
Let f(y) = y**3 - y**2 + 2*y - 5. Let v = 101 + -99. Let g be f(v). Let u(h) = 2*h - 2. What is u(g)?
4
Let q be (-4)/(-10) + 54/(-10). Let y(t) = 2*t - 4. Let o(v) = v - 1. Let f(w) = -3*o(w) + y(w). Let s(b) = 4*b + 7. Let a(k) = -3*f(k) - s(k). Calculate a(q).
1
Let x = 50 + -60. Let f(j) = j**2 + 9*j - 14. Give f(x).
-4
Let s(h) = -h + 4. Let g be s(3). Let t(a) = -a. Let f(w) = w - 4. Suppose 0 = 20*b - 16*b - 12. Let m(v) = b*t(v) + g*f(v). What is m(-4)?
4
Let q(p) = -p - 13. Suppose 0 = 5*f - 635 + 685. Calculate q(f).
-3
Let n(d) = d**3 - 6*d**2 + 11*d + 3. Let l(b) = -b**3 + 4*b**2 - 10*b - 2. Let j(z) = -6*l(z) - 5*n(z). Give j(-4).
9
Let i(h) = h - 1. Let m(r) = -3*r + 5. Let k(u) = 4*i(u) + m(u). Let n = -36 + 58. Let c = 18 - n. Calculate k(c).
-3
Suppose 0*g + 8 = 2*g. Let q be -3 - 0 - g*(-1)/(-4). Let l(x) = x**3 + 6*x**2 + 6*x. Calculate l(q).
8
Let a(v) = -2*v**2 + v + 4*v**2 + 2 - 3 + 2. Suppose -p + 2*p + 1 = 0. What is a(p)?
2
Let h be -2*1/(-2)*2. Let i(d) = 1 + 5*d**3 - 7*d**3 - d**2 - h + 3. What is i(-2)?
14
Let a(r) = -3*r - 3. Let q = -15 + 25. Let y be 1/(-2)*(q - -2). Let n be (12/9)/(y/9). Give a(n).
3
Let q(v) = v**2 + 5*v + 2. Let c = 77 + -72. Suppose 3 = -2*m + 3*m, -3*x + c*m = 24. Give q(x).
-4
Suppose 2*r = 2*p - 18, 3*p - 7*r - 25 = -2*r. Let m = p + -8. Let d(v) = 2*v**2 + 3*v - 4 - v**m + 0*v + 7. What is d(-3)?
3
Let s(i) = 4*i + 28. Let u be (651/(-217))/(1 + (-2)/4). What is s(u)?
4
Let z(v) = -v + 7. Let s be z(7). Let q(o) = o + s*o + 19 - 17. Suppose 2 = -3*g - 4. Determine q(g).
0
Suppose -3*j - 4*f + 11 = 0, -6*f + 13 = 4*j - f. Let y(z) = 6*z + 4. Determine y(j).
-14
Let n = -983 - -974. Let j(k) = k**3 + 9*k**2 - k - 7. Determine j(n).
2
Let l(f) = f**2 - 37*f + 336. Let i be l(18). Let r(v) be the second derivative of -v**4/12 - 5*v**3/6 + 4*v**2 - v. Give r(i).
2
Let a be -2 + ((-2)/(-5))/((-108)/(-585)). Let d(r) be the third derivative of 1/2*r**3 + 0*r - a*r**4 + r**2 + 0. What is d(4)?
-13
Let u(b) = 3 - 1 - 4*b + 4*b**2 - 3*b**2. Let i = -131 + 117. Let x be ((-9)/(-21))/((-2)/i). Calculate u(x).
-1
Let m be 1/(5/(-30) + (-2)/12). Let s(t) = t**3 + 6*t**2 + 4*t + 1. Calculate s(m).
16
Suppose -8*r = -6*r + 4. Let o(j) = -j**3 - 3*j**2 + 2*j**2 - 3 - j**3 + 5. Calculate o(r).
14
Let p = -10 - -15. Let t(b) = -11*b + 1 - 1 + p + 15*b. What is t(7)?
33
Let a(h) be the first derivative of h**6